{"id":904,"date":"2015-08-22T17:30:28","date_gmt":"2015-08-22T16:30:28","guid":{"rendered":"http:\/\/meditassi.fr\/?page_id=904"},"modified":"2018-05-31T11:57:11","modified_gmt":"2018-05-31T10:57:11","slug":"stages","status":"publish","type":"page","link":"https:\/\/meditassi.com\/?page_id=904","title":{"rendered":"Stages"},"content":{"rendered":"<div>\n<h3><\/h3>\n<h3 style=\"text-align: left;\">Chaque stage \u00e0 son propre programme adapt\u00e9 suivant le groupe. La base \u00e9tant toujours celle d\u00e9crite dans l&rsquo;onglet \u00a0\u00ab\u00a0Enseignement\u00a0\u00bb. Pour avoir plus de d\u00e9tails pour un stage en particulier, contactez nous.<\/h3>\n<p style=\"text-align: center;\"><a href=\"http:\/\/meditassi.com\/?attachment_id=1090\" rel=\"attachment wp-att-1090\"><img decoding=\"async\" loading=\"lazy\" class=\"wp-image-1090 aligncenter\" src=\"http:\/\/meditassi.com\/wp-content\/uploads\/2013\/05\/lotus-lovina.jpg\" alt=\"\" width=\"58\" height=\"56\" \/><\/a><\/p>\n<p>&nbsp;<\/p>\n<p style=\"text-align: center;\">\n<h2><\/h2>\n<h1><\/h1>\n<p style=\"text-align: center;\">\n<\/div>\n<p>&nbsp;<\/p>\n<p>&nbsp;<\/p>\n<div><\/div>\n<p style=\"text-align: center;\"><a href=\"http:\/\/meditassi.com\/?attachment_id=1090\" rel=\"attachment wp-att-1090\"><br \/>\n<\/a><a href=\"http:\/\/meditassi.fr\/wp-content\/uploads\/2013\/03\/Lotus-2015-site.jpg\"><br \/>\n<\/a><\/p>\n<p>&nbsp;<\/p>\n","protected":false},"excerpt":{"rendered":"<p>Chaque stage \u00e0 son propre programme adapt\u00e9 suivant le groupe. La base \u00e9tant toujours celle d\u00e9crite dans l&rsquo;onglet \u00a0\u00ab\u00a0Enseignement\u00a0\u00bb. Pour avoir plus de d\u00e9tails pour un stage en particulier, contactez nous. &nbsp; &nbsp; &nbsp; &nbsp;<\/p>\n","protected":false},"author":1,"featured_media":0,"parent":0,"menu_order":0,"comment_status":"closed","ping_status":"closed","template":"","meta":[],"_links":{"self":[{"href":"https:\/\/meditassi.com\/index.php?rest_route=\/wp\/v2\/pages\/904"}],"collection":[{"href":"https:\/\/meditassi.com\/index.php?rest_route=\/wp\/v2\/pages"}],"about":[{"href":"https:\/\/meditassi.com\/index.php?rest_route=\/wp\/v2\/types\/page"}],"author":[{"embeddable":true,"href":"https:\/\/meditassi.com\/index.php?rest_route=\/wp\/v2\/users\/1"}],"replies":[{"embeddable":true,"href":"https:\/\/meditassi.com\/index.php?rest_route=%2Fwp%2Fv2%2Fcomments&post=904"}],"version-history":[{"count":35,"href":"https:\/\/meditassi.com\/index.php?rest_route=\/wp\/v2\/pages\/904\/revisions"}],"predecessor-version":[{"id":1194,"href":"https:\/\/meditassi.com\/index.php?rest_route=\/wp\/v2\/pages\/904\/revisions\/1194"}],"wp:attachment":[{"href":"https:\/\/meditassi.com\/index.php?rest_route=%2Fwp%2Fv2%2Fmedia&parent=904"}],"curies":[{"name":"wp","href":"https:\/\/api.w.org\/{rel}","templated":true}]}}